9 a composite number?
False
Is 572879 prime?
True
Is 126482 a composite number?
True
Is 47327 a prime number?
False
Is 2927 a composite number?
False
Is 386081 prime?
False
Is 41063 prime?
False
Is 8209 prime?
True
Is 230959 a prime number?
True
Is 101359 composite?
False
Is 227617 a prime number?
False
Is 183193 a composite number?
True
Is 1116447 prime?
False
Is 3534931 a prime number?
False
Is 584981 prime?
True
Is 176191 composite?
False
Is 6739 composite?
True
Is 140027 a prime number?
False
Is 34199 a composite number?
True
Is 4391 a composite number?
False
Is 1619 a prime number?
True
Is 867857 composite?
False
Is 30737 a prime number?
False
Is 111835 a prime number?
False
Is 35367 a prime number?
False
Is 86611 prime?
False
Is 10559 a composite number?
False
Is 33778 a composite number?
True
Is 260113 composite?
True
Is 310423 a composite number?
False
Is 140111 composite?
False
Is 76343 a composite number?
False
Is 10211 composite?
False
Is 23645 a composite number?
True
Is 32831 a composite number?
False
Is 3593 composite?
False
Is 378433 a prime number?
False
Is 583 a composite number?
True
Is 743 composite?
False
Is 44953 prime?
True
Is 275339 composite?
False
Is 2721899 prime?
True
Is 48707 a composite number?
True
Is 32537 a composite number?
False
Is 6977 a composite number?
False
Is 271981 a prime number?
True
Is 368579 a composite number?
False
Is 107213 prime?
False
Is 15959 a prime number?
True
Is 76951 composite?
True
Is 6731 prime?
False
Is 436343 a prime number?
True
Is 4831 a composite number?
False
Is 10427 a prime number?
True
Is 395509 composite?
False
Is 202595 a prime number?
False
Is 1027409 a prime number?
True
Is 2560071 a composite number?
True
Is 237 prime?
False
Is 48311 composite?
False
Is 594343 prime?
False
Is 333227 composite?
False
Is 11114 prime?
False
Is 46489 prime?
True
Is 204131 composite?
True
Is 19069 a prime number?
True
Is 967693 composite?
False
Is 4101 prime?
False
Is 461917 a composite number?
False
Is 127871 composite?
True
Is 344837 a prime number?
False
Is 1063519 a prime number?
False
Is 94747 prime?
True
Is 206059 prime?
False
Is 743507 composite?
False
Is 106261 a composite number?
False
Is 698701 prime?
True
Is 27449 prime?
True
Is 176401 a composite number?
False
Is 17801 a composite number?
True
Is 150614 a prime number?
False
Is 1699091 a composite number?
False
Is 699823 prime?
True
Is 1637 composite?
False
Is 619933 prime?
False
Is 116987 a prime number?
False
Is 4087 a composite number?
True
Is 375313 prime?
False
Is 989 a composite number?
True
Is 291955 composite?
True
Is 51607 prime?
True
Is 692071 prime?
True
Is 6046 prime?
False
Is 1067 composite?
True
Is 34157 composite?
False
Is 11303 a composite number?
True
Is 416659 prime?
True
Is 3271 prime?
True
Is 418865 a composite number?
True
Is 8111 a prime number?
True
Is 59507 a prime number?
False
Is 73819 composite?
False
Is 20323 a composite number?
False
Is 2609 composite?
False
Is 15859 composite?
False
Is 401146 a composite number?
True
Is 1101047 prime?
False
Is 2416577 a composite number?
False
Is 35797 a composite number?
False
Is 29527 a prime number?
True
Is 34807 prime?
True
Is 114157 a composite number?
False
Is 395 a prime number?
False
Is 49727 prime?
True
Is 750317 a prime number?
False
Is 139007 prime?
False
Is 3650003 a prime number?
False
Is 7417 composite?
False
Is 73807 a prime number?
False
Is 290117 a prime number?
False
Is 70709 composite?
False
Is 9767 a composite number?
False
Is 6349 prime?
False
Is 5497 composite?
True
Is 1291271 a composite number?
False
Is 933519 prime?
False
Is 2013455 composite?
True
Is 11073 a composite number?
True
Is 45887 a prime number?
True
Is 170193 composite?
True
Is 104843 composite?
True
Is 62743 composite?
False
Is 187 a prime number?
False
Is 171635 prime?
False
Is 351151 a prime number?
True
Is 863 prime?
True
Is 51767 prime?
True
Is 1033403 composite?
True
Is 144323 a prime number?
True
Is 70939 prime?
False
Is 3989 a composite number?
False
Is 5731 a prime number?
False
Is 451 a composite number?
True
Is 7249 prime?
False
Is 841265 a composite number?
True
Is 115189 prime?
False
Is 9511 a composite number?
False
Is 6449 a composite number?
False
Is 24331 prime?
False
Is 2483 a composite number?
True
Is 11381 a composite number?
True
Is 580687 composite?
False
Is 511957 composite?
True
Is 31303 composite?
True
Is 177902 a prime number?
False
Is 13249 composite?
False
Is 10427 composite?
False
Is 59507 a prime number?
False
Is 6113 prime?
True
Is 100439 a composite number?
True
Is 9467 a prime number?
True
Is 10057 composite?
True
Is 451277 composite?
False
Is 9677 a composite number?
False
Is 16009 prime?
False
Is 557 a composite number?
False
Is 102451 a prime number?
True
Is 62993 a prime number?
False
Is 201881 prime?
True
Is 18155 prime?
False
Is 1277918 composite?
True
Is 814531 a prime number?
True
Is 291 prime?
False
Is 2743 a composite number?
True
Is 190207 composite?
False
Is 2305 composite?
True
Is 29243 a prime number?
True
Is 2130013 a composite number?
False
Is 3404365 a prime number?
False
Is 24359 prime?
True
Is 11885 a composite number?
True
Is 37307 prime?
True
Is 241161 a prime number?
False
Is 8399 a prime number?
False
Is 399401 composite?
False
Is 28961 prime?
True
Is 313081 prime?
True
Is 1793533 a composite number?
True
Is 4553 a composite number?
True
Is 10921 prime?
False
Is 25657 a composite number?
False
Is 26921 a composite number?
False
Is 69911 composite?
False
Is 10133 a prime number?
True
Is 20419 a prime number?
False
Is 2929 prime?
False
Is 1771567 prime?
False
Is 758519 composite?
False
Is 3503 prime?
False
Is 151267 a composite number?
True
Is 6913 composite?
True
Is 25723 a composite number?
True
Is 410851 prime?
False
Is 1631041 composite?
True
Is 13402 a composite number?
True
Is 21551 a prime number?
False
Is 219445 prime?
False
Is 1288033 composite?
False
Is 157837 a composite number?
False
Is 302831 a prime number?
True
Is 849649 prime?
True
Is 173279 prime?
False
Is 12439 a composite number?
True
Is 6997 a composite number?
False
Is 116953 composite?
False
Is 3521 a prime number?
False
Is 467 prime?
True
Is 50833 a prime number?
True
Is 24571 prime?
True
Is 538 a prime number?
False
Is 103549 a composite number?
False
Is 8899 a composite number?
True
Is 6521 prime?
True
Is 40231 a prime number?
True
Is 32114 a prime number?
False
Is 331031 composite?
False
Is 18701 prime?
True
Is 65 a composite number?
True
Is 309731 prime?
True
Is 160133 prime?
False
Is 3190115 composite?
True
Is 2771 a composite number?
True
Is 48383 a prime number?
True
Is 1543 a composite number?
False
Is 27627 a prime number?
False
Is 170615 composite?
True
Is 94049 a composite number?
False
Is 286439 composite?
True
Is 5251 a prime number?
False
Is 14693 prime?
False
Is 7901 prime?
True
Is 14843 composite?
False
Is 116177 composite?
False
Is 122051 a prime number?
True
Is 396833 a prime number?
True
Is 28807 prime?
True
Is 34621 a prime number?
False
Is 42491 a prime number?
True
Is 227519 composite?
False
Is 46559 a composite number?
False
Is 10299 prime?
False
Is 9609 a prime number?
False
Is 1477 a composite number?
True
Is 7051 a prime number?
False
Is 37061 composite?
False
Is 327971 prime?
False
Is 8213951 prime?
True
Is 98729 a composite number?
False
Is 89653 a composite number?
False
Is 486893 a composite number?
True
Is 1651 a prime number?
False
Is 31903 a prime number?
False
Is 848807 a prime number?
True
Is 301447 composite?
False
Is 166063 a prime number?
True
Is 506647 prime?
True
Is 5087 a prime number?
True
Is 74 a prime number?
False
Is 316567 a prime number?
True
Is 8801 composite?
True
Is 27733 composite?
False
Is 9841 composite?
True
Is 308569 prime?
True
Is 491591 prime?
True
Is 537 a prime number?
False
Is 26987 prime?
True
Is 6281845 a prime number?
False
Is 6943 composite?
True
Is 285751 a composite number?
True
Is 36353 prime?
True
Is 1029103 prime?
True
Is 98407 prime?
True
Is 922313 composite?
True
Is 66023 composite?
True
Is 19751 prime?
True
Is 946789 prime?
False
Is 29297 composite?
False
Is 51749 a composite number?
False
Is 3817 a prime number?
False
Is 9871 prime?
True
Is 10133 a prime number?
True
Is 493 composi